and 745952.
32
Calculate the greatest common factor of 47095978 and 1915.
383
Calculate the highest common factor of 596391 and 2379.
3
What is the highest common divisor of 38 and 33117304?
38
What is the greatest common factor of 504 and 13453536?
24
Calculate the highest common divisor of 50505022 and 99142.
5218
What is the greatest common divisor of 2522834 and 425?
17
What is the highest common divisor of 1775345 and 25785?
955
Calculate the greatest common divisor of 115720 and 46552.
88
Calculate the greatest common divisor of 27049 and 2167.
11
Calculate the greatest common divisor of 1147 and 459629281.
1147
Calculate the greatest common factor of 964 and 323883274.
482
What is the highest common factor of 4316801 and 6072?
23
What is the greatest common factor of 35669856 and 192?
96
What is the highest common divisor of 20580 and 2409575?
1715
What is the highest common divisor of 17178332 and 920?
92
What is the greatest common factor of 9952629 and 897?
69
Calculate the highest common divisor of 1020251 and 253264.
1439
What is the greatest common divisor of 925 and 1987025?
25
Calculate the greatest common divisor of 16042338 and 312.
78
Calculate the highest common divisor of 18706 and 129344.
94
What is the greatest common factor of 151645 and 13312?
13
Calculate the greatest common divisor of 3246408 and 7128.
792
Calculate the greatest common divisor of 16 and 74029988.
4
Calculate the greatest common factor of 8150 and 9360275.
4075
What is the greatest common factor of 982696 and 65?
13
What is the greatest common divisor of 11791 and 61867?
13
What is the highest common factor of 509097 and 177?
3
What is the greatest common divisor of 187698 and 7521?
327
What is the highest common factor of 3324 and 61548?
12
What is the highest common divisor of 10995272 and 76024?
344
What is the highest common factor of 1369 and 11183583?
37
Calculate the greatest common divisor of 154 and 2896593238.
154
What is the greatest common factor of 15865 and 15909255?
835
What is the greatest common divisor of 421941 and 184977?
1209
Calculate the greatest common divisor of 5177 and 2387.
31
What is the highest common divisor of 112 and 901201?
7
What is the highest common divisor of 18597272 and 111274?
4838
What is the highest common factor of 323 and 2091273?
19
What is the highest common divisor of 1024839 and 180?
9
What is the greatest common divisor of 9426872 and 175168?
1288
What is the highest common divisor of 52758 and 8373867?
2931
Calculate the greatest common divisor of 220966 and 5220734.
3298
What is the greatest common divisor of 18278870 and 860?
430
Calculate the greatest common factor of 134976 and 130587.
57
Calculate the greatest common divisor of 2210760 and 96669.
207
What is the highest common factor of 6603840 and 14580?
180
Calculate the highest common factor of 14080 and 7856.
16
Calculate the greatest common divisor of 45672 and 136488.
264
What is the greatest common factor of 234089976 and 424?
424
What is the highest common factor of 818581443 and 279?
93
Calculate the greatest common factor of 16670746 and 21638.
62
Calculate the highest common divisor of 9791250 and 20.
10
What is the greatest common divisor of 185 and 18507807?
37
Calculate the greatest common divisor of 24833754 and 36.
18
Calculate the greatest common divisor of 105193555 and 36365.
5195
What is the greatest common factor of 40056 and 2322?
6
What is the highest common factor of 61345752 and 10026?
3342
Calculate the greatest common factor of 28734189 and 66.
33
What is the highest common factor of 351 and 138888009?
117
Calculate the highest common divisor of 31669 and 37103.
11
What is the greatest common factor of 84369408 and 1152?
384
What is the highest common divisor of 3120687 and 9795?
1959
What is the greatest common divisor of 10049 and 3645?
1
Calculate the greatest common factor of 1532 and 52659819.
383
Calculate the greatest common factor of 27588337 and 889.
889
Calculate the greatest common factor of 2664075 and 13575.
75
Calculate the highest common divisor of 265 and 10633867.
53
What is the greatest common factor of 81065560 and 84?
4
What is the greatest common divisor of 43284 and 745815783?
10821
Calculate the highest common factor of 672 and 33595793.
7
What is the highest common factor of 312 and 113792?
8
Calculate the highest common factor of 4479153 and 6488.
811
What is the greatest common divisor of 9 and 81326961?
9
What is the greatest common factor of 14649626 and 2630?
526
Calculate the highest common factor of 1141504 and 482846.
1274
What is the greatest common divisor of 102 and 13400522?
34
What is the highest common factor of 602505 and 27?
27
Calculate the highest common divisor of 6039 and 4437018.
549
What is the highest common factor of 2002250 and 5900?
50
What is the greatest common factor of 2867512 and 11448?
424
Calculate the highest common factor of 6838722 and 2816451.
8613
Calculate the highest common factor of 5334 and 50071782.
762
Calculate the highest common factor of 1470998 and 328.
82
Calculate the greatest common divisor of 7102 and 553426.
106
What is the greatest common divisor of 139 and 14357449?
139
What is the highest common factor of 8255 and 10913240?
65
What is the highest common factor of 481 and 24190283?
13
Calculate the greatest common factor of 208547036 and 1948.
1948
What is the highest common factor of 13118797 and 151373?
589
What is the highest common divisor of 53424 and 34933731?
1113
Calculate the highest common divisor of 1110 and 19983145.
185
Calculate the greatest common factor of 103058080 and 1920.
160
What is the greatest common divisor of 4 and 7121774?
2
Calculate the greatest common divisor of 408080 and 10240.
80
What is the greatest common divisor of 55 and 30129968?
11
Calculate the highest common factor of 580590 and 744.
6
What is the highest common factor of 135459200 and 3200?
3200
What is the highest common factor of 2712584974 and 9129?
3043
What is the highest common factor of 32291499 and 19155?
3831
What is the greatest common factor of 12063064 and 7072?
1768
Calculate the highest common factor of 5463327 and 2397.
141
What is the greatest common factor of 18192970 and 930?
310
Calculate the highest common divisor of 213 and 1122546849.
213
Calculate the highest common divisor of 472981116 and 1974.
282
What is the highest common divisor of 80711630 and 37935?
1405
What is the greatest common divisor of 11049 and 17179671?
381
Calculate the greatest common divisor of 281780580 and 24.
12
What is the greatest common factor of 228554739 and 336?
21
Calculate the highest common factor of 319518 and 32978448.
5238
Calculate the greatest common divisor of 462 and 289857183.
231
Calculate the highest common divisor of 642735 and 1665.
45
Calculate the greatest common divisor of 1805742402 and 458.
458
What is the highest common divisor of 13957733 and 3?
1
Calculate the highest common factor of 750744 and 28440.
72
Calculate the highest common divisor of 136488 and 58913184.
12408
What is the greatest common factor of 232561 and 3661?
7
Calculate the highest common divisor of 145076873 and 659.
659
Calculate the greatest common factor of 50382431 and 373429.
7621
Calculate the highest common factor of 918 and 82819206.
918
Calculate the greatest common divisor of 1116442 and 1798.
58
What is the greatest common factor of 6374792 and 40?
8
What is the greatest common divisor of 2 and 8477071?
1
Calculate the greatest common factor of 882 and 213471538.
98
What is the greatest common divisor of 69 and 9198873?
69
Calculate the highest common divisor of 5150490 and 2550.
510
What is the highest common divisor of 98149416 and 24?
24
What is the highest common divisor of 123 and 14762255?
41
Calculate the greatest common divisor of 91560 and 4354.
14
What is the greatest common divisor of 19954 and 81568324?
1814
What is the greatest common factor of 31038 and 20454?
42
Calculate the highest common divisor of 39 and 26496327.
39
What is the highest common divisor of 355810 and 92?
46
Calculate the greatest common divisor of 11507093 and 13.
13
Calculate the highest common divisor of 23245368 and 1.
1
What is the highest common divisor of 9